{"id":575,"date":"2014-11-11T19:17:05","date_gmt":"2014-11-11T19:17:05","guid":{"rendered":"http:\/\/logistic.freevision.me\/?page_id=575"},"modified":"2023-12-28T02:17:30","modified_gmt":"2023-12-28T02:17:30","slug":"home-corporate","status":"publish","type":"page","link":"https:\/\/rayologistica.com\/","title":{"rendered":"Home &#8211; Corporate"},"content":{"rendered":"<p>[vc_row row_fullwidth=\u00bb1&#8243; row_fullheight=\u00bb1&#8243; bg_slider=\u00bbon\u00bb css=\u00bb.vc_custom_1700923485264{margin-top: 0px !important;margin-bottom: 0px !important;padding-top: 70px !important;padding-right: 20px !important;padding-bottom: 30px !important;padding-left: 20px !important;background-color: #000000 !important;}\u00bb bg_slider_images=\u00bb739,738,740&#8243; font_color=\u00bb#ffffff\u00bb el_id=\u00bb#nos\u00bb][vc_column][vc_custom_heading text=\u00bbRAYO LOG\u00cdSTICA INTERNACIONAL\u00bb font_container=\u00bbtag:h2|font_size:70|text_align:center|color:%23ffffff|line_height:74px\u00bb google_fonts=\u00bbfont_family:Raleway%3A100%2C200%2C300%2Cregular%2C500%2C600%2C700%2C800%2C900|font_style:900%20bold%20regular%3A900%3Anormal\u00bb css=\u00bb.vc_custom_1703164781389{padding-right: 20% !important;padding-left: 20% !important;}\u00bb][vc_column_text]<\/p>\n<h3>Una empresa 100% paraguaya, se destaca en el panorama log\u00edstico al proporcionar soluciones integrales de alta calidad, extendemos nuestros servicios desde cualquier punto de origen hasta cualquier destino deseado.<br \/>\nNuestra filosof\u00eda se basa en la practicidad y la eficiencia. Estamos comprometidos a ofrecer un servicio de calidad premium, respaldado por procesos meticulosamente definidos. Garantizamos tiempos de respuesta precisos y adaptados a tus necesidades individuales.<\/h3>\n<p>[\/vc_column_text][vc_row_inner css=\u00bb.vc_custom_1700920411311{padding-top: 80px !important;}\u00bb][vc_column_inner width=\u00bb1\/3&#8243;]<div class=\"ozy-simlple-info-box\" id=\"simple-info-box-8169\"  style=\"background:url(https:\/\/rayologistica.com\/wp-content\/uploads\/2023\/11\/DOC-20231112-WA0020.jpg)\"><section><h5><\/h5><h2>Transporte Terrestre<\/h2><p>Tanto a nivel nacional como internacional, facilitando la movilizaci\u00f3n de tus mercanc\u00edas con eficiencia y seguridad.<\/p><a href=\"\" target=\"_self\"><\/a>\n<\/section>\n<\/div>[\/vc_column_inner][vc_column_inner width=\u00bb1\/3&#8243;]<div class=\"ozy-simlple-info-box\" id=\"simple-info-box-7558\"  style=\"background:url(https:\/\/rayologistica.com\/wp-content\/uploads\/2023\/11\/DOC-20231112-WA0009.jpg)\"><section><h5><\/h5><h2>Transporte Mar\u00edtimo<\/h2><p>Navegamos por las aguas del comercio internacional, conectando continentes y ofreciendo soluciones flexibles.<\/p><a href=\"\" target=\"_self\"><\/a>\n<\/section>\n<\/div>[\/vc_column_inner][vc_column_inner width=\u00bb1\/3&#8243;]<div class=\"ozy-simlple-info-box\" id=\"simple-info-box-9357\"  style=\"background:url(https:\/\/rayologistica.com\/wp-content\/uploads\/2023\/12\/Transporte-Aereo.jpg)\"><section><h5><\/h5><h2>Transporte A\u00e9reo<\/h2><p>Aprovechamos las alturas para entregas r\u00e1pidas y precisas, sin importar la distancia.<\/p><a href=\"\" target=\"_self\"><\/a>\n<\/section>\n<\/div>[\/vc_column_inner][\/vc_row_inner][\/vc_column][\/vc_row][vc_row bg_parallax=\u00bbon\u00bb font_color=\u00bb#ffffff\u00bb css=\u00bb.vc_custom_1700923400797{margin-top: 0px !important;margin-bottom: 0px !important;padding-top: 60px !important;padding-bottom: 120px !important;background-image: url(http:\/\/s3.amazonaws.com\/logistic\/uploads\/2014\/11\/worldmap_dotted.png?id=576) !important;}\u00bb el_id=\u00bbser\u00bb][vc_column][vc_row_inner][vc_column_inner width=\u00bb1\/2&#8243;]<div id=\"tile-with-icon_icon9155\" class=\"title-with-icon-wrapper clear xxlarge \" data-color=\"transparent\"><div class=\"wpb_content_element title-with-icon clearfix margin-bottom-0 \"><span  style=\"color:#34ccff !important;background-color:transparent !important;\" class=\"oic-flaticon2-cargo3 clear xxlarge \" ><\/span><h3 class=\"content-color\" style=\"\">Despacho Aduanero<\/h3><\/div><div class=\"wpb_content_element left-cs title-with-icon-content xxlarge clearfix\" style=\"\"><span style=\"color: #888fa1;\">Navegamos por las complejidades de las regulaciones aduaneras con destreza, asegurando un flujo sin problemas.<\/span><\/div><\/div><div id=\"tile-with-icon_icon8980\" class=\"title-with-icon-wrapper clear xxlarge \" data-color=\"transparent\"><div class=\"wpb_content_element title-with-icon clearfix margin-bottom-0 \"><span  style=\"color:#34ccff !important;background-color:transparent !important;\" class=\"oic-flaticon1-storage17 clear xxlarge \" ><\/span><h3 class=\"content-color\" style=\"\">Soluciones de Cadena de Suministro<\/h3><\/div><div class=\"wpb_content_element left-cs title-with-icon-content xxlarge clearfix\" style=\"\"><span style=\"color: #888fa1;\">Dise\u00f1amos estrategias log\u00edsticas para optimizar tus operaciones de extremo a extremo.<\/span><\/div><\/div>[\/vc_column_inner][vc_column_inner width=\u00bb1\/2&#8243;]<div id=\"tile-with-icon_icon7778\" class=\"title-with-icon-wrapper clear xxlarge \" data-color=\"transparent\"><div class=\"wpb_content_element title-with-icon clearfix margin-bottom-0 \"><span  style=\"color:#34ccff !important;background-color:transparent !important;\" class=\"oic-flaticon1-logistics4 clear xxlarge \" ><\/span><h3 class=\"content-color\" style=\"\">Seguro de Carga<\/h3><\/div><div class=\"wpb_content_element left-cs title-with-icon-content xxlarge clearfix\" style=\"\"><span style=\"color: #888fa1;\">Protegemos tus activos durante el transporte, brind\u00e1ndote tranquilidad y seguridad.<\/span><\/div><\/div><div id=\"tile-with-icon_icon4956\" class=\"title-with-icon-wrapper clear xxlarge \" data-color=\"transparent\"><div class=\"wpb_content_element title-with-icon clearfix margin-bottom-0 \"><span  style=\"color:#34ccff !important;background-color:transparent !important;\" class=\"oic-flaticon2-hanging3 clear xxlarge \" ><\/span><h3 class=\"content-color\" style=\"\">Adaptabilidad a tus Necesidades<\/h3><\/div><div class=\"wpb_content_element left-cs title-with-icon-content xxlarge clearfix\" style=\"\"><span style=\"color: #888fa1;\">Personalizamos nuestros servicios para satisfacer tus requerimientos espec\u00edficos.<\/span><\/div><\/div>[\/vc_column_inner][\/vc_row_inner][vc_row_inner][vc_column_inner width=\u00bb1\/2&#8243;]<div id=\"tile-with-icon_icon9597\" class=\"title-with-icon-wrapper clear xxlarge \" data-color=\"transparent\"><div class=\"wpb_content_element title-with-icon clearfix margin-bottom-0 \"><span  style=\"color:#34ccff !important;background-color:transparent !important;\" class=\"oic-flaticon2-cargo3 clear xxlarge \" ><\/span><h3 class=\"content-color\" style=\"\">Asesoramiento y Consultor\u00eda en Comercio Exterior<\/h3><\/div><div class=\"wpb_content_element left-cs title-with-icon-content xxlarge clearfix\" style=\"\"><span style=\"color: #888fa1;\">Compartimos nuestro conocimiento para maximizar tus oportunidades internacionales. <\/span><\/div><\/div>[\/vc_column_inner][vc_column_inner width=\u00bb1\/2&#8243;]<div id=\"tile-with-icon_icon7158\" class=\"title-with-icon-wrapper clear xxlarge \" data-color=\"transparent\"><div class=\"wpb_content_element title-with-icon clearfix margin-bottom-0 \"><span  style=\"color:#34ccff !important;background-color:transparent !important;\" class=\"oic-flaticon1-logistics4 clear xxlarge \" ><\/span><h3 class=\"content-color\" style=\"\">B\u00fasqueda de Proveedores y Compradores<\/h3><\/div><div class=\"wpb_content_element left-cs title-with-icon-content xxlarge clearfix\" style=\"\"><span style=\"color: #888fa1;\">\u00a0Facilitamos la expansi\u00f3n de tu red comercial, conect\u00e1ndote con socios confiables.<\/span><\/div><\/div>[\/vc_column_inner][\/vc_row_inner][\/vc_column][\/vc_row][vc_row bg_parallax=\u00bbon\u00bb font_color=\u00bb#ffffff\u00bb css=\u00bb.vc_custom_1700922066043{margin-top: 0px !important;margin-bottom: 0px !important;padding-top: 60px !important;padding-bottom: 120px !important;background-image: url(https:\/\/elebepy.com\/borrador\/wp-content\/uploads\/2023\/11\/PAR.jpg?id=1241) !important;}\u00bb][vc_column]<h2 class=\"ozy-divider-cap-center wpb_content_element\">En RAYO LOGISTICA, te liberamos de las preocupaciones que conlleva la gesti\u00f3n de env\u00edos a gran escala. Ofrecemos confiabilidad a lo largo de todo el proceso, tomando el control total de la operaci\u00f3n. Esto significa que puedes dejar en nuestras manos las tareas complejas y centrarte en tu negocio principal.<\/h2><div class=\"ozy-content-divider \" style=\"border-top-style:solid;border-top-width:2px;border-top-color:#34ccff;width:40px;max-width:40px;margin:20px auto;\"><\/div><div style=\"height:30px\" class=\"ozy-spacer\"><\/div>[\/vc_column][\/vc_row]<\/p>\n","protected":false},"excerpt":{"rendered":"<p>[vc_row row_fullwidth=\u00bb1&#8243; row_fullheight=\u00bb1&#8243; bg_slider=\u00bbon\u00bb css=\u00bb.vc_custom_1700923485264{margin-top: 0px !important;margin-bottom: 0px !important;padding-top: 70px !important;padding-right: 20px !important;padding-bottom: 30px !important;padding-left: 20px !important;background-color: #000000 !important;}\u00bb bg_slider_images=\u00bb739,738,740&#8243; font_color=\u00bb#ffffff\u00bb el_id=\u00bb#nos\u00bb][vc_column][vc_custom_heading text=\u00bbRAYO LOG\u00cdSTICA INTERNACIONAL\u00bb font_container=\u00bbtag:h2|font_size:70|text_align:center|color:%23ffffff|line_height:74px\u00bb google_fonts=\u00bbfont_family:Raleway%3A100%2C200%2C300%2Cregular%2C500%2C600%2C700%2C800%2C900|font_style:900%20bold%20regular%3A900%3Anormal\u00bb css=\u00bb.vc_custom_1703164781389{padding-right: 20% !important;padding-left: [&hellip;]<\/p>\n","protected":false},"author":1,"featured_media":0,"parent":8,"menu_order":0,"comment_status":"open","ping_status":"open","template":"","meta":{"footnotes":""},"class_list":["post-575","page","type-page","status-publish","hentry"],"_links":{"self":[{"href":"https:\/\/rayologistica.com\/index.php\/wp-json\/wp\/v2\/pages\/575","targetHints":{"allow":["GET"]}}],"collection":[{"href":"https:\/\/rayologistica.com\/index.php\/wp-json\/wp\/v2\/pages"}],"about":[{"href":"https:\/\/rayologistica.com\/index.php\/wp-json\/wp\/v2\/types\/page"}],"author":[{"embeddable":true,"href":"https:\/\/rayologistica.com\/index.php\/wp-json\/wp\/v2\/users\/1"}],"replies":[{"embeddable":true,"href":"https:\/\/rayologistica.com\/index.php\/wp-json\/wp\/v2\/comments?post=575"}],"version-history":[{"count":25,"href":"https:\/\/rayologistica.com\/index.php\/wp-json\/wp\/v2\/pages\/575\/revisions"}],"predecessor-version":[{"id":1261,"href":"https:\/\/rayologistica.com\/index.php\/wp-json\/wp\/v2\/pages\/575\/revisions\/1261"}],"up":[{"embeddable":true,"href":"https:\/\/rayologistica.com\/index.php\/wp-json\/wp\/v2\/pages\/8"}],"wp:attachment":[{"href":"https:\/\/rayologistica.com\/index.php\/wp-json\/wp\/v2\/media?parent=575"}],"curies":[{"name":"wp","href":"https:\/\/api.w.org\/{rel}","templated":true}]}}